- -110?
-2110
In base 9, what is 13 + 370?
383
In base 10, what is 7 + -333?
-326
In base 4, what is 1 - 2221?
-2220
In base 15, what is -13 - -2?
-11
In base 2, what is 110 + -110011001?
-110010011
In base 12, what is 4 + 40?
44
In base 12, what is 4 + -1a1?
-199
In base 9, what is 5 + -430?
-424
In base 10, what is 2 + -4552?
-4550
In base 3, what is 11 + -22010220?
-22010202
In base 2, what is -111000001 + -100?
-111000101
In base 13, what is -1 + -5a5?
-5a6
In base 16, what is d - 10?
-3
In base 15, what is -8e - -2?
-8c
In base 3, what is -2201 - -2?
-2122
In base 9, what is -18 + -52?
-71
In base 8, what is 340 + -4?
334
In base 2, what is 101 + 1001101110?
1001110011
In base 4, what is -10 + -10312?
-10322
In base 3, what is 2 + -1220222?
-1220220
In base 13, what is -2 + -73?
-75
In base 6, what is -5 + 324?
315
In base 6, what is -14 - 24?
-42
In base 13, what is -4 + -1a2?
-1a6
In base 10, what is 1 - -17?
18
In base 15, what is 5 + -e1?
-db
In base 12, what is 15 - 1?
14
In base 9, what is 20 + 4?
24
In base 16, what is -b + -5?
-10
In base 6, what is 4 + 40432?
40440
In base 13, what is -1 - -39?
38
In base 4, what is 1 - -10033?
10100
In base 13, what is 335 - -b?
343
In base 3, what is -222 + -1011?
-2010
In base 11, what is -1744 - 4?
-1748
In base 10, what is -2 + -221?
-223
In base 7, what is 203 + 4?
210
In base 6, what is 103505 + 1?
103510
In base 4, what is 1 + 22212?
22213
In base 8, what is -3 - -31?
26
In base 10, what is -2 - 69?
-71
In base 10, what is 282 - 28?
254
In base 8, what is -42 + 4?
-36
In base 14, what is -4 + 5b?
57
In base 7, what is 305 + 125?
433
In base 8, what is -2 - 341?
-343
In base 6, what is -100 + 10?
-50
In base 8, what is -1342 + -5?
-1347
In base 7, what is -1305 + 2?
-1303
In base 9, what is 3 + -235?
-232
In base 13, what is 3 - -6bb?
6c1
In base 9, what is -5 - -476?
471
In base 15, what is 3 - 71?
-6d
In base 6, what is -3 + -14501?
-14504
In base 12, what is 171 + 2?
173
In base 2, what is -110001101 - -101?
-110001000
In base 13, what is -5 - -5?
0
In base 9, what is 4 + -117?
-113
In base 15, what is 2e + -27?
7
In base 8, what is -41556 - 2?
-41560
In base 2, what is 11 + -100110100111?
-100110100100
In base 11, what is -3a - 2?
-41
In base 4, what is 1023 + -21?
1002
In base 11, what is -4 + -44?
-48
In base 16, what is -4 + df?
db
In base 6, what is -4 - 4551?
-4555
In base 14, what is 3 - 25?
-22
In base 14, what is -2 - 39?
-3b
In base 8, what is 1 - 3033?
-3032
In base 11, what is 0 + -2a6a?
-2a6a
In base 3, what is 2 + -210?
-201
In base 8, what is 376 - -3?
401
In base 15, what is 17 + -4?
13
In base 6, what is -10 - -1113?
1103
In base 9, what is 43407 + -2?
43405
In base 6, what is 10 + -122?
-112
In base 14, what is -20a6 - -4?
-20a2
In base 6, what is -1002 - -2?
-1000
In base 9, what is -6 - -48?
42
In base 15, what is 4 + 10?
14
In base 7, what is -445 + -13?
-461
In base 3, what is -22010 - 12?
-22022
In base 16, what is 0 - -1a?
1a
In base 8, what is -1 + -232?
-233
In base 13, what is -28 - 3?
-2b
In base 9, what is -100 + -1?
-101
In base 12, what is 1b + 1?
20
In base 11, what is -4a - -9?
-41
In base 11, what is 4729 - -2?
4730
In base 8, what is 6 - -6340?
6346
In base 11, what is 619 + 4?
622
In base 6, what is 5400 - 0?
5400
In base 14, what is -4 - -7c?
78
In base 2, what is -100001 - 101?
-100110
In base 2, what is 0 + 1000101?
1000101
In base 13, what is -17 - -2?
-15
In base 2, what is -100011 - 11?
-100110
In base 5, what is 2 + -142?
-140
In base 13, what is 0 + 77?
77
In base 12, what is -21 - -131?
110
In base 4, what is 11 + 2133?
2210
In base 8, what is -12 - 144?
-156
In base 12, what is -3 + 23?
20
In base 15, what is 8 - -56?
5e
In base 16, what is -2 + 402?
400
In base 6, what is -1 + -4312?
-4313
In base 5, what is 4 + -212324?
-212320
In base 16, what is -3 - -7d6?
7d3
In base 9, what is -2 - 4104?
-4106
In base 10, what is 3908 + 3?
3911
In base 7, what is 2 + -2521?
-2516
In base 11, what is -12 + -31?
-43
In base 12, what is 3 + -10b1?
-10aa
In base 7, what is -20 - 514?
-534
In base 3, what is 210 + 1020?
2000
In base 5, what is 3423 + -4?
3414
In base 3, what is 10 - 2201000?
-2200220
In base 8, what is 71 - 554?
-463
In base 4, what is 23 + 131?
220
In base 16, what is 2 + 19?
1b
In base 5, what is -314030 + -2?
-314032
In base 9, what is 2 + -32?
-30
In base 16, what is 1 - 3c?
-3b
In base 6, what is 22 - -5?
31
In base 16, what is e - -a7?
b5
In base 16, what is -3 - -bfb?
bf8
In base 10, what is -1 - 2277?
-2278
In base 15, what is 591e - 5?
5919
In base 8, what is -10 - -115?
105
In base 12, what is 3 + -30?
-29
In base 3, what is 0 - 10221211?
-10221211
In base 6, what is 105 - -4?
113
In base 11, what is -281a - 2?
-2821
In base 16, what is 38 - -1?
39
In base 6, what is -12151 + -3?
-12154
In base 15, what is -1a - 207?
-222
In base 2, what is 10100010011 + -100?
10100001111
In base 9, what is -81 - -11?
-70
In base 7, what is -5 - -1653?
1645
In base 3, what is -1121000 + -11?
-1121011
In base 10, what is 1 - -3?
4
In base 5, what is 123 - 1140?
-1012
In base 4, what is 113112 - 3?
113103
In base 3, what is 102 + 1002012?
1002121
In base 7, what is 1446 + 23?
1502
In base 12, what is -1a - -11b?
101
In base 8, what is -2126 + -3?
-2131
In base 12, what is -1b + 4?
-17
In base 16, what is -6 - 5?
-b
In base 5, what is 22312 - 3?
22304
In base 13, what is -2c + -2?
-31
In base 12, what is 153 + -2?
151
In base 13, what is 4a88 + 2?
4a8a
In base 2, what is 10110110 - -1011?
11000001
In base 8, what is 12 + 65?
77
In base 16, what is -3 + 1068?
1065
In base 6, what is 4 - 115?
-111
In base 16, what is -537 - -4?
-533
In base 9, what is 335 - -1?
336
In base 12, what is -13 - 6?
-19
In base 8, what is -20 - 2?
-22
In base 4, what is 212 - 1021?
-203
In base 5, what is -11 - 1144?
-1210
In base 13, what is 122 + 34?
156
In base 8, what is 3 - -102?
105
In base 5, what is 140 + -10?
130
In base 11, what is -338a + 2?
-3388
In base 11, what is 3 - -13?
16
In base 9, what is 0 - -87?
87
In base 10, what is -5 - 57?
-62
In base 3, what is -2 + -11100?
-11102
In base 13, what is 1 + -72?
-71
In base 7, what is -2 + 104?
102
In base 6, what is -2515 - -2?
-2513
In base 6, what is 11 - 4?
3
In base 10, what is 50 - 2?
48
In base 13, what is 33 - 1?
32
In base 10, what is -1 + -4943?
-4944
In base 3, what is -1120 + 201220?
200100
In base 14, what is -3 + -114?
-117
In base 15, what is 1 + 13c?
13d
In base 2, what is 110011111100 - 10?
110011111010
In base 6, what is 22454 - 2?
22452
In base 9, what is 5 - 30?
-24
In base 12, what is 121b + -3?
1218
In base 9, what is -162 - -51?
-111
In base 15, what is -29 - d6?
-110
In base 13, what is -71 + -1?
-72
In base 16, what is d6 + 2?
d8
In base 16, what is -135 - -5?
-130
In base 6, what is -245 - -3?
-242
In base 10, what is 5990 + 5?
5995
In base 13, what is 687 - -1?
688
In base 7, what is 40030 - -5?
40035
In base 13, what is -352 + -2?
-354
In base 13, what is -1c - 363?
-382
In base 6, what is -2 + -1310?
-1312
In base 12, what is 7 + -2a?
-23
In base 11, what is 2 + 37?
39
In base 10, what is 234 - 4?
230
In base 13, what is 2 - 2c8?
-2c6
In base 15, what is 0 + -63?
-63
In base 7, what is 46 + 1?
50
In base 15, what is 1 + 4a?
4b
In base 5, what is 11 + 110?
121
In base 9, what is -20 + 8?
-11
In base 14, what is 1b + 6?
23
In base 14, what is 5ad2 - -1?
5ad3
In base 11, what is -2 - 109?
-110
In base 8, what is -100 - -3?
-75
In base 8, what is 62 - -201?
263
In base 14, what is -2a14 + -4?
-2a18
In base 13, what is 82 - -3?
85
In base 7, what is 266 - -4?
303
In base 15, what is -267 + -2a?
-292
In base 15, what is -12 + -42?
-54
In base 7, what is -23 + -4?
-30
In base 8, what is 240 + -4?
234
In base 8, what is 3 + 12?
15
In base 11, what is -1 + 0?
-1
In base 16, what is 3 + -21?
-1e
In base 16, what is 9f4 - -3?
9f7
In base 8, what is -6 + 2557?
2551
In base 14, what is 5 - 342?
-33b
In base 8, what is -41 - -12?
-27
In base 8, what is -2 + -1263?
-1265
In base 7, what is 4 + -342?
-335
In base 8, what is -3 - 26?
-31
In base 9, what is -2 + 65?
63
In base 15, what is e - 37?
-28
In base 8, what is -6 - 15?
-23
In base 13, what is -28b + -3?
-291
In base 12, what is 3 - 2?
1
In bas